 = 23564 + -5581. What is the thousands digit of o?
7
Suppose -4 = -10*b + 8*b. Suppose -z + 7 + b = 0. Suppose -g = -i - 0*i - 5, i = 2*g - z. What is the units digit of g?
4
Suppose -k + 6*k + 4*r = 13, 3*k - 5*r = -7. Let b be ((-2394)/(-24))/(-3) + k/4. Let h = 198 - b. What is the hundreds digit of h?
2
Let k(n) = 5*n**3 + 9*n**2 + 6*n - 7. Suppose 5*l + 75 = 20*l. What is the tens digit of k(l)?
7
Suppose 27*a - 10 = 22*a. Suppose 5*p - 649 = z, -a*p = -4*z + 91 - 365. Let y = p + -78. What is the units digit of y?
1
Suppose -178*u + 263386 = -99*u. What is the units digit of u?
4
Suppose 4 = -21*b + 23*b. Suppose -4*s + 354 = b*j, j - s - 177 = -5*s. What is the tens digit of j?
7
Let m = 51467 + -34395. What is the hundreds digit of m?
0
Let p = 109 - 117. Let a(u) = u**2 + 5*u + 17. What is the units digit of a(p)?
1
Let g(m) = 4*m**2 - 2. Let h be g(-1). Suppose p = -2*y + 6*p + 938, -4*p = h*y - 974. What is the hundreds digit of y?
4
Let w(y) be the second derivative of 67*y**4/12 - y**3/6 + 2*y**2 - 3*y - 3. What is the tens digit of w(2)?
7
Let d be (10/20)/(2/(-104)). Let y(h) = h + 31. Let c be y(d). Suppose -c*m + 13*m - 1072 = 0. What is the hundreds digit of m?
1
Let v be (45/(-5))/(3/(-2) + 0). Suppose 2068 = v*k - 1688. What is the hundreds digit of k?
6
Suppose -l + 2 = -3*v + 70, v + l = 20. Suppose -v*q - 18*q = -33600. What is the hundreds digit of q?
8
Let d be (132/30 - 5) + (-140)/(-25). Suppose y + d*u + 856 - 2320 = 0, -7228 = -5*y - 2*u. What is the thousands digit of y?
1
Let k(b) = 168*b**3 + 6*b**2 - 35*b - 4. Let n be k(5). Suppose 12*u - 2933 = n. What is the units digit of u?
2
Suppose -5*d = -2*h + 3*h - 1, -5*d - 5*h = -5. Suppose -3*z = 3*i - 3078, d = 14*i - 13*i + 3*z - 1024. What is the units digit of i?
7
Suppose 324758 - 89956 = 37*l. What is the tens digit of l?
4
Let t = 603 + 229. Suppose t = 16*c - 14*c. What is the units digit of c?
6
Suppose -48999 = -5*i + 14*i - 12*i. What is the units digit of i?
3
Suppose -40 = 3*j - j. Let b = j - -20. Let s(c) = 3*c + 73. What is the tens digit of s(b)?
7
Let o = -19920 + 29184. What is the hundreds digit of o?
2
Let k be (3/14)/(6/91)*-8. What is the units digit of (4/(-5))/(k/650)?
0
Suppose -4*r + 4812 = n, 4*r = -5*n + 38025 - 13981. What is the thousands digit of n?
4
Let v(g) = -4*g**2 - 117*g - 596. What is the tens digit of v(-21)?
9
Suppose -10*r = -2*t - 13*r + 5713, -t = -4*r - 2851. Suppose -4*p = -5*a - 3845, 5*p - t = 2*p - 2*a. What is the hundreds digit of p?
9
Let x(f) = -f + 13. Let a be x(13). Suppose 2*w + 3*v - v = 902, a = w + 3*v - 461. What is the tens digit of w?
4
Suppose h + h - 45 = -5*w, 22 = w + 3*h. What is the hundreds digit of 49/w + -10 + 13*17?
2
Suppose -3*s + 5*n + 151623 = 0, s = -2*s - 3*n + 151647. What is the hundreds digit of s?
5
Let j be (-2511)/6*8/(-3). Let p = -684 + j. What is the units digit of p?
2
Suppose 15*w = -2*m + 16*w + 138, 0 = 5*m - w - 351. Let v = -21 + m. What is the units digit of v?
0
Let b be -4 + 2 + (-16)/(-4). Let r = 32 - 26. Suppose -4*c + 3*u = -255, 0 = b*c - r*c + 5*u + 265. What is the units digit of c?
0
Let w(u) be the third derivative of -u**4/4 + 8*u**3/3 + 8*u**2. Let o be w(-8). Let y = 130 - o. What is the units digit of y?
6
Suppose -6297 = -z - 3*u, -4*z - 72*u + 77*u + 25103 = 0. What is the thousands digit of z?
6
Suppose -5*l - 8 = 2*s - 9*l, -4*l + 50 = 5*s. Suppose -8133 = -s*m - 2241. Suppose 0 = 3*d - 3*t - 50 - 523, 5*d + 4*t = m. What is the hundreds digit of d?
1
Let x(c) = c**2 + 171*c - 162. What is the thousands digit of x(67)?
5
Let y(f) = f**3 - 12*f**2 - 8*f + 8. Suppose 5*o - 105 = -35. Let b be y(o). Let m = b - 159. What is the tens digit of m?
2
Let i(l) = l**3 + 12*l**2 + 8*l + 2. Suppose -5*a + 42 = 9*a. Suppose -5 = a*j + 13. What is the hundreds digit of i(j)?
1
Let g = 14026 + -13920. What is the units digit of g?
6
Let r = 0 + 0. Suppose -g - 4*q + 40 = 0, 22 = -3*g - 4*q + 150. Let m = r + g. What is the tens digit of m?
4
Let p(q) = -72 - 108 + 6*q - 59*q - 158 - 4*q. What is the hundreds digit of p(-18)?
6
Suppose 0 = 6*u + 1165 - 13567. Suppose -u = -3*f - 657. What is the units digit of f?
0
Let v(c) = -c**2 - 5*c + 7. Let b be v(-5). Suppose b*h + 90 = 9*h. What is the tens digit of 298/10 + 9/h?
3
What is the thousands digit of -3 + 1 + (-720544)/69*-6?
2
Suppose -45*j + 10528 = -64442. Let b = j + -785. What is the units digit of b?
1
Let l(o) = -o**3 - 5*o**2 + 4*o - 1. Suppose k = 4*k + 15. Let b be l(k). What is the tens digit of 3 + (504/10)/(b/(-70))?
7
Let i = -811 - -25362. What is the hundreds digit of i?
5
Suppose 5*l + 252 = 9*l. Let c(v) = -14*v**3 + 58*v**2 - 5*v + 5. Let x be c(4). Let q = l - x. What is the units digit of q?
6
Let f(c) be the first derivative of 5*c**3 - 16*c**2 + 20*c + 96. What is the tens digit of f(7)?
3
Let f be ((-26)/(-10))/(2 + (-27)/15). Let x be (-8)/(-3 - -1) - (15 - f). Suppose -2*y + 38 = x*t - 18, -t + 34 = -5*y. What is the tens digit of t?
2
Let i be (-68)/(-20) + -3 + 208/5. Suppose i - 11 = -w. Let y = 30 - w. What is the units digit of y?
1
Suppose -41*c - 3*p = -43*c + 34703, 3*c - 52057 = 5*p. What is the ten thousands digit of c?
1
Let p be 2/9 - (-305)/45. Suppose g = p*g - 12. What is the tens digit of 26/g + 9 + -5 + -1?
1
Suppose -217152 = 41*s - 724400 - 730255. What is the units digit of s?
3
Let t(c) = 48*c**2 + 466*c + 14. What is the units digit of t(14)?
6
Suppose 0 = -2*u + a + 67669, 51*u = 48*u - 5*a + 101484. What is the hundreds digit of u?
8
Suppose -2*v - 1006 = 2*k, 0 = -4*v - 10 - 2. Let x = -141 - k. What is the tens digit of x?
5
Let w be ((12265/20)/11)/((-7)/(-28)). Suppose w*s - 215*s - 3592 = 0. What is the hundreds digit of s?
4
Let q(n) = -2*n**2 - 8*n + 8. Suppose 38 = 2*p - 4*m, 0 = -p + 3*m - 4*m + 4. Let c be q(p). Let i = 375 + c. What is the hundreds digit of i?
1
Suppose 61 - 55 = 3*m. Suppose -m*g + 128 = -12. What is the units digit of g?
0
Suppose -4*h + 165 = 1. Suppose h*g - 3340 = 31*g. What is the units digit of g?
4
Suppose 698*x = 670*x + 320600. What is the ten thousands digit of x?
1
Let x(q) = 92*q + 4. Let c be x(1). Suppose 4*i + 8 = 3*m - 33, 4*m + 5*i = c. Suppose -m - 47 = -3*o. What is the units digit of o?
2
Suppose -2*z + 3*u + 612 = 0, 0*u = 3*z - 4*u - 918. Suppose p - z = -0*p. Suppose -p - 877 = -7*c. What is the tens digit of c?
6
Let a(t) = -2*t**2 + 27*t - 4. Let m be a(13). Suppose m*i = 14849 - 512. What is the units digit of i?
3
Let w(l) = -2*l + 7. Suppose 0 = 2*k - 5*k. Suppose 15 = -5*a - k*a, -u - 9 = 3*a. What is the units digit of w(u)?
7
Let b(s) = -2356*s**3 - 48*s**2 - 85*s + 5. What is the units digit of b(-2)?
1
Let n = 10566 - 10568. Let g be 2/(((-2)/(-6))/1). What is the hundreds digit of (6585/g)/5 + (-1)/n?
2
Suppose 4*j = -m + 33, 0*m - 67 = -3*m + 4*j. Let o be (1 - m)/((-3)/(-14)). Let n = 80 - o. What is the hundreds digit of n?
1
Let u = -28 + 44. Let r(j) be the second derivative of 2*j**3/3 - 15*j**2/2 - 61*j + 1. What is the units digit of r(u)?
9
Suppose -132*p + 133*p + 459 = 0. Let o = 778 + p. What is the units digit of o?
9
Suppose 4*t - 3*u = 55631 + 14826, 3*t - 4*u = 52841. What is the units digit of t?
5
Let y be (-18)/5*230/(-69). What is the hundreds digit of (4 - 56/y)*1458/(-4)?
2
Suppose 925*a = 967*a - 224658. What is the thousands digit of a?
5
Let l(g) = -14*g**2 - 9 + 15 + 1166*g**3 - 8 + 2*g + 12*g**2. What is the hundreds digit of l(1)?
1
Let w(i) = 30*i**3 + 2*i**2 - 2*i + 12. Let j be w(-3). Let g = 1491 + j. What is the units digit of g?
7
What is the units digit of 51/(-3)*10*(-2 - 756/45)?
6
Suppose -s - s + 11 = -3*n, 4*s + 20 = 0. Let t be 2*(-3)/18 + n/(-3). Suppose -t*y - 7 = -r + y, -4*r - 3*y + 103 = 0. What is the units digit of r?
2
Let y be (-2)/13 + (2118/78 - -7). Suppose y*g + 10034 = 40600. What is the tens digit of g?
9
Let v(g) be the first derivative of 44*g**3/3 + g**2/2 - 17*g + 146. What is the thousands digit of v(-5)?
1
Let r(q) = 10 + 113*q**3 - 51*q**3 - 61*q**3 - 4*q**2 + 2*q. Let d be r(3). What is the units digit of ((-12)/78 - 1262/(-91))*d?
6
Let p = 618 - 1314. Let s = 1293 + p. What is the hundreds digit of s?
5
Suppose 28*b = 23*b - 15. Let